{"id":419,"date":"2026-02-24T09:49:39","date_gmt":"2026-02-24T09:49:39","guid":{"rendered":"http:\/\/csncrps.cluster031.hosting.ovh.net\/?page_id=419"},"modified":"2026-02-26T11:19:23","modified_gmt":"2026-02-26T11:19:23","slug":"contact","status":"publish","type":"page","link":"https:\/\/www.consilium-services.fr\/index.php\/contact\/","title":{"rendered":"Contact"},"content":{"rendered":"\t\t<div data-elementor-type=\"wp-page\" data-elementor-id=\"419\" class=\"elementor elementor-419\">\n\t\t\t\t<div class=\"elementor-element elementor-element-c5e3ed7 e-flex e-con-boxed e-con e-parent\" data-id=\"c5e3ed7\" data-element_type=\"container\" data-e-type=\"container\" data-settings=\"{&quot;background_background&quot;:&quot;classic&quot;}\">\n\t\t\t\t\t<div class=\"e-con-inner\">\n\t\t\t\t<div class=\"elementor-element elementor-element-dfb1921 elementor-widget elementor-widget-heading\" data-id=\"dfb1921\" data-element_type=\"widget\" data-e-type=\"widget\" data-widget_type=\"heading.default\">\n\t\t\t\t\t<h2 class=\"elementor-heading-title elementor-size-default\">parlons de <span id=\"green-text\">vos projets<\/span>.<\/h2>\t\t\t\t<\/div>\n\t\t\t\t<div class=\"elementor-element elementor-element-8a21731 elementor-widget elementor-widget-text-editor\" data-id=\"8a21731\" data-element_type=\"widget\" data-e-type=\"widget\" data-widget_type=\"text-editor.default\">\n\t\t\t\t\t\t\t\t\t<p>\u00c0 vos c\u00f4t\u00e9s pour accompagner et piloter vos projets de changement avec agilit\u00e9 et efficacit\u00e9.<\/p><p>Contactez-nous d\u00e8s aujourd\u2019hui.<\/p>\t\t\t\t\t\t\t\t<\/div>\n\t\t\t\t\t<\/div>\n\t\t\t\t<\/div>\n\t\t<div class=\"elementor-element elementor-element-a25423f e-flex e-con-boxed e-con e-parent\" data-id=\"a25423f\" data-element_type=\"container\" data-e-type=\"container\" data-settings=\"{&quot;background_background&quot;:&quot;classic&quot;}\">\n\t\t\t\t\t<div class=\"e-con-inner\">\n\t\t<div class=\"elementor-element elementor-element-cad06b8 e-con-full e-flex e-con e-child\" data-id=\"cad06b8\" data-element_type=\"container\" data-e-type=\"container\" data-settings=\"{&quot;background_background&quot;:&quot;classic&quot;}\">\n\t\t\t\t<div class=\"elementor-element elementor-element-672cc2b elementor-widget__width-initial elementor-widget-tablet__width-initial elementor-widget-mobile__width-inherit elementor-widget elementor-widget-wpforms\" data-id=\"672cc2b\" data-element_type=\"widget\" data-e-type=\"widget\" data-widget_type=\"wpforms.default\">\n\t\t\t\t<div class=\"elementor-widget-container\">\n\t\t\t\t\t<style id=\"wpforms-css-vars-elementor-widget-672cc2b\">\n\t\t\t\t.elementor-widget-wpforms.elementor-element-672cc2b {\n\t\t\t\t--wpforms-field-border-style: none;\n--wpforms-field-background-color: #0e1100;\n--wpforms-field-border-color: #cccccc;\n--wpforms-field-border-color-spare: #cccccc;\n--wpforms-field-text-color: #ffffff;\n--wpforms-label-color: #CCCCCC82;\n--wpforms-label-sublabel-color: #ffffff;\n--wpforms-label-error-color: #ff0000;\n--wpforms-button-background-color: #d4ff00;\n--wpforms-button-border-color: #cccccc;\n--wpforms-button-text-color: #0e1100;\n--wpforms-field-border-size: 0px;\n--wpforms-label-size-font-size: 14px;\n--wpforms-label-size-line-height: 17px;\n--wpforms-label-size-sublabel-font-size: 13px;\n--wpforms-label-size-sublabel-line-height: 16px;\n\t\t\t}\n\t\t\t<\/style><div class=\"wpforms-container wpforms-container-full contact-form wpforms-render-modern\" id=\"wpforms-433\"><form id=\"wpforms-form-433\" class=\"wpforms-validate wpforms-form wpforms-ajax-form\" data-formid=\"433\" method=\"post\" enctype=\"multipart\/form-data\" action=\"\/index.php\/wp-json\/wp\/v2\/pages\/419\" data-token=\"45d8ec3e0c832616009aaf961b6db55c\" data-token-time=\"1776144003\"><noscript class=\"wpforms-error-noscript\">Please enable JavaScript in your browser to complete this form.<\/noscript><div id=\"wpforms-error-noscript\" style=\"display: none;\">Please enable JavaScript in your browser to complete this form.<\/div><div class=\"wpforms-field-container\"><div id=\"wpforms-433-field_2-container\" class=\"wpforms-field wpforms-field-text wpforms-one-half wpforms-first\" data-field-id=\"2\"><label class=\"wpforms-field-label\" for=\"wpforms-433-field_2\">Pr\u00e9nom <span class=\"wpforms-required-label\" aria-hidden=\"true\">*<\/span><\/label><input type=\"text\" id=\"wpforms-433-field_2\" class=\"wpforms-field-large wpforms-field-required\" name=\"wpforms[fields][2]\" aria-errormessage=\"wpforms-433-field_2-error\" required><\/div>\t\t<div id=\"wpforms-433-field_1-container\"\n\t\t\tclass=\"wpforms-field wpforms-field-text\"\n\t\t\tdata-field-type=\"text\"\n\t\t\tdata-field-id=\"1\"\n\t\t\t>\n\t\t\t<label class=\"wpforms-field-label\" for=\"wpforms-433-field_1\" >Pr\u00e9nom Message Email<\/label>\n\t\t\t<input type=\"text\" id=\"wpforms-433-field_1\" class=\"wpforms-field-medium\" name=\"wpforms[fields][1]\" >\n\t\t<\/div>\n\t\t<div id=\"wpforms-433-field_3-container\" class=\"wpforms-field wpforms-field-text wpforms-one-half\" data-field-id=\"3\"><label class=\"wpforms-field-label\" for=\"wpforms-433-field_3\">Nom <span class=\"wpforms-required-label\" aria-hidden=\"true\">*<\/span><\/label><input type=\"text\" id=\"wpforms-433-field_3\" class=\"wpforms-field-large wpforms-field-required\" name=\"wpforms[fields][3]\" aria-errormessage=\"wpforms-433-field_3-error\" required><\/div><div id=\"wpforms-433-field_4-container\" class=\"wpforms-field wpforms-field-email\" data-field-id=\"4\"><label class=\"wpforms-field-label\" for=\"wpforms-433-field_4\">Email <span class=\"wpforms-required-label\" aria-hidden=\"true\">*<\/span><\/label><input type=\"email\" id=\"wpforms-433-field_4\" class=\"wpforms-field-large wpforms-field-required\" name=\"wpforms[fields][4]\" spellcheck=\"false\" aria-errormessage=\"wpforms-433-field_4-error\" required><\/div><div id=\"wpforms-433-field_5-container\" class=\"wpforms-field wpforms-field-number\" data-field-id=\"5\"><label class=\"wpforms-field-label\" for=\"wpforms-433-field_5\">T\u00e9l\u00e9phone<\/label><input type=\"number\" id=\"wpforms-433-field_5\" class=\"wpforms-field-large\" name=\"wpforms[fields][5]\" step=\"any\" aria-errormessage=\"wpforms-433-field_5-error\" ><\/div><div id=\"wpforms-433-field_6-container\" class=\"wpforms-field wpforms-field-textarea\" data-field-id=\"6\"><label class=\"wpforms-field-label\" for=\"wpforms-433-field_6\">Message <span class=\"wpforms-required-label\" aria-hidden=\"true\">*<\/span><\/label><textarea id=\"wpforms-433-field_6\" class=\"wpforms-field-large wpforms-field-required\" name=\"wpforms[fields][6]\" aria-errormessage=\"wpforms-433-field_6-error\" required><\/textarea><\/div><script>\n\t\t\t\t( function() {\n\t\t\t\t\tconst style = document.createElement( 'style' );\n\t\t\t\t\tstyle.appendChild( document.createTextNode( '#wpforms-433-field_1-container { position: absolute !important; overflow: hidden !important; display: inline !important; height: 1px !important; width: 1px !important; z-index: -1000 !important; padding: 0 !important; } #wpforms-433-field_1-container input { visibility: hidden; } #wpforms-conversational-form-page #wpforms-433-field_1-container label { counter-increment: none; }' ) );\n\t\t\t\t\tdocument.head.appendChild( style );\n\t\t\t\t\tdocument.currentScript?.remove();\n\t\t\t\t} )();\n\t\t\t<\/script><\/div><!-- .wpforms-field-container --><div class=\"wpforms-recaptcha-container wpforms-is-recaptcha wpforms-is-recaptcha-type-v3\" ><input type=\"hidden\" name=\"wpforms[recaptcha]\" value=\"\"><\/div><div class=\"wpforms-submit-container\" ><input type=\"hidden\" name=\"wpforms[id]\" value=\"433\"><input type=\"hidden\" name=\"page_title\" value=\"\"><input type=\"hidden\" name=\"page_url\" value=\"https:\/\/www.consilium-services.fr\/index.php\/wp-json\/wp\/v2\/pages\/419\"><input type=\"hidden\" name=\"url_referer\" value=\"\"><button type=\"submit\" name=\"wpforms[submit]\" id=\"wpforms-submit-433\" class=\"wpforms-submit\" data-alt-text=\"Envoi en cours...\" data-submit-text=\"Envoyer un message\" aria-live=\"assertive\" value=\"wpforms-submit\">Envoyer un message<\/button><img decoding=\"async\" src=\"https:\/\/www.consilium-services.fr\/wp-content\/plugins\/wpforms-lite\/assets\/images\/submit-spin.svg\" class=\"wpforms-submit-spinner\" style=\"display: none;\" width=\"26\" height=\"26\" alt=\"Loading\"><\/div><\/form><\/div>  <!-- .wpforms-container -->\t\t\t\t<\/div>\n\t\t\t\t<\/div>\n\t\t\t\t<\/div>\n\t\t\t\t\t<\/div>\n\t\t\t\t<\/div>\n\t\t<div class=\"elementor-element elementor-element-996e6ed e-con-full e-flex e-con e-parent\" data-id=\"996e6ed\" data-element_type=\"container\" data-e-type=\"container\" data-settings=\"{&quot;background_background&quot;:&quot;classic&quot;}\">\n\t\t\t\t<\/div>\n\t\t<div class=\"elementor-element elementor-element-75eb3b8 e-flex e-con-boxed e-con e-parent\" data-id=\"75eb3b8\" data-element_type=\"container\" data-e-type=\"container\">\n\t\t\t\t\t<div class=\"e-con-inner\">\n\t\t\t\t<div class=\"elementor-element elementor-element-3946c1e elementor-widget elementor-widget-image\" data-id=\"3946c1e\" data-element_type=\"widget\" data-e-type=\"widget\" data-widget_type=\"image.default\">\n\t\t\t\t\t\t\t\t\t\t\t\t\t\t\t<img fetchpriority=\"high\" decoding=\"async\" width=\"626\" height=\"639\" src=\"https:\/\/www.consilium-services.fr\/wp-content\/uploads\/2026\/02\/minia_white-1.png\" class=\"attachment-full size-full wp-image-83\" alt=\"\" srcset=\"https:\/\/www.consilium-services.fr\/wp-content\/uploads\/2026\/02\/minia_white-1.png 626w, https:\/\/www.consilium-services.fr\/wp-content\/uploads\/2026\/02\/minia_white-1-294x300.png 294w\" sizes=\"(max-width: 626px) 100vw, 626px\" \/>\t\t\t\t\t\t\t\t\t\t\t\t\t\t\t<\/div>\n\t\t\t\t<div class=\"elementor-element elementor-element-b14d87c elementor-widget elementor-widget-text-editor\" data-id=\"b14d87c\" data-element_type=\"widget\" data-e-type=\"widget\" data-widget_type=\"text-editor.default\">\n\t\t\t\t\t\t\t\t\t<p>Chaque m\u00e8tre carr\u00e9 <br \/>sous contr\u00f4le.<\/p>\t\t\t\t\t\t\t\t<\/div>\n\t\t\t\t\t<\/div>\n\t\t\t\t<\/div>\n\t\t\t\t<\/div>\n\t\t","protected":false},"excerpt":{"rendered":"<p>parlons de vos projets. \u00c0 vos c\u00f4t\u00e9s pour accompagner et piloter vos projets de changement avec agilit\u00e9 et efficacit\u00e9. Contactez-nous [&hellip;]<\/p>\n","protected":false},"author":1,"featured_media":0,"parent":0,"menu_order":0,"comment_status":"closed","ping_status":"closed","template":"","meta":{"site-sidebar-layout":"no-sidebar","site-content-layout":"","ast-site-content-layout":"full-width-container","site-content-style":"default","site-sidebar-style":"default","ast-global-header-display":"","ast-banner-title-visibility":"","ast-main-header-display":"","ast-hfb-above-header-display":"","ast-hfb-below-header-display":"","ast-hfb-mobile-header-display":"","site-post-title":"disabled","ast-breadcrumbs-content":"","ast-featured-img":"disabled","footer-sml-layout":"","ast-disable-related-posts":"","theme-transparent-header-meta":"","adv-header-id-meta":"","stick-header-meta":"","header-above-stick-meta":"","header-main-stick-meta":"","header-below-stick-meta":"","astra-migrate-meta-layouts":"default","ast-page-background-enabled":"default","ast-page-background-meta":{"desktop":{"background-color":"var(--ast-global-color-5)","background-image":"","background-repeat":"repeat","background-position":"center center","background-size":"auto","background-attachment":"scroll","background-type":"","background-media":"","overlay-type":"","overlay-color":"","overlay-opacity":"","overlay-gradient":""},"tablet":{"background-color":"","background-image":"","background-repeat":"repeat","background-position":"center center","background-size":"auto","background-attachment":"scroll","background-type":"","background-media":"","overlay-type":"","overlay-color":"","overlay-opacity":"","overlay-gradient":""},"mobile":{"background-color":"","background-image":"","background-repeat":"repeat","background-position":"center center","background-size":"auto","background-attachment":"scroll","background-type":"","background-media":"","overlay-type":"","overlay-color":"","overlay-opacity":"","overlay-gradient":""}},"ast-content-background-meta":{"desktop":{"background-color":"var(--ast-global-color-4)","background-image":"","background-repeat":"repeat","background-position":"center center","background-size":"auto","background-attachment":"scroll","background-type":"","background-media":"","overlay-type":"","overlay-color":"","overlay-opacity":"","overlay-gradient":""},"tablet":{"background-color":"var(--ast-global-color-4)","background-image":"","background-repeat":"repeat","background-position":"center center","background-size":"auto","background-attachment":"scroll","background-type":"","background-media":"","overlay-type":"","overlay-color":"","overlay-opacity":"","overlay-gradient":""},"mobile":{"background-color":"var(--ast-global-color-4)","background-image":"","background-repeat":"repeat","background-position":"center center","background-size":"auto","background-attachment":"scroll","background-type":"","background-media":"","overlay-type":"","overlay-color":"","overlay-opacity":"","overlay-gradient":""}},"footnotes":""},"class_list":["post-419","page","type-page","status-publish","hentry"],"yoast_head":"<!-- This site is optimized with the Yoast SEO plugin v27.0 - https:\/\/yoast.com\/product\/yoast-seo-wordpress\/ -->\n<title>Contact assistance ma\u00eetrise d\u2019\u0153uvre<\/title>\n<meta name=\"description\" content=\"Contact assistance ma\u00eetrise d\u2019\u0153uvre - Contactez notre expert en assistance \u00e0 ma\u00eetrise d\u2019\u0153uvre pour concr\u00e9tiser et s\u00e9curiser votre projet.\" \/>\n<meta name=\"robots\" content=\"index, follow, max-snippet:-1, max-image-preview:large, max-video-preview:-1\" \/>\n<link rel=\"canonical\" href=\"https:\/\/www.consilium-services.fr\/index.php\/contact\/\" \/>\n<meta property=\"og:locale\" content=\"en_US\" \/>\n<meta property=\"og:type\" content=\"article\" \/>\n<meta property=\"og:title\" content=\"Contact assistance ma\u00eetrise d\u2019\u0153uvre\" \/>\n<meta property=\"og:description\" content=\"Contact assistance ma\u00eetrise d\u2019\u0153uvre - Contactez notre expert en assistance \u00e0 ma\u00eetrise d\u2019\u0153uvre pour concr\u00e9tiser et s\u00e9curiser votre projet.\" \/>\n<meta property=\"og:url\" content=\"https:\/\/www.consilium-services.fr\/index.php\/contact\/\" \/>\n<meta property=\"og:site_name\" content=\"Consilium Services\" \/>\n<meta property=\"article:modified_time\" content=\"2026-02-26T11:19:23+00:00\" \/>\n<meta property=\"og:image\" content=\"https:\/\/www.consilium-services.fr\/wp-content\/uploads\/2026\/02\/black_with_no_back.png\" \/>\n\t<meta property=\"og:image:width\" content=\"655\" \/>\n\t<meta property=\"og:image:height\" content=\"283\" \/>\n\t<meta property=\"og:image:type\" content=\"image\/png\" \/>\n<meta name=\"twitter:card\" content=\"summary_large_image\" \/>\n<meta name=\"twitter:label1\" content=\"Est. reading time\" \/>\n\t<meta name=\"twitter:data1\" content=\"1 minute\" \/>\n<script type=\"application\/ld+json\" class=\"yoast-schema-graph\">{\"@context\":\"https:\/\/schema.org\",\"@graph\":[{\"@type\":\"WebPage\",\"@id\":\"https:\/\/www.consilium-services.fr\/index.php\/contact\/\",\"url\":\"https:\/\/www.consilium-services.fr\/index.php\/contact\/\",\"name\":\"Contact assistance ma\u00eetrise d\u2019\u0153uvre\",\"isPartOf\":{\"@id\":\"https:\/\/www.consilium-services.fr\/#website\"},\"primaryImageOfPage\":{\"@id\":\"https:\/\/www.consilium-services.fr\/index.php\/contact\/#primaryimage\"},\"image\":{\"@id\":\"https:\/\/www.consilium-services.fr\/index.php\/contact\/#primaryimage\"},\"thumbnailUrl\":\"http:\/\/www.consilium-services.fr\/wp-content\/plugins\/wpforms-lite\/assets\/images\/submit-spin.svg\",\"datePublished\":\"2026-02-24T09:49:39+00:00\",\"dateModified\":\"2026-02-26T11:19:23+00:00\",\"description\":\"Contact assistance ma\u00eetrise d\u2019\u0153uvre - Contactez notre expert en assistance \u00e0 ma\u00eetrise d\u2019\u0153uvre pour concr\u00e9tiser et s\u00e9curiser votre projet.\",\"breadcrumb\":{\"@id\":\"https:\/\/www.consilium-services.fr\/index.php\/contact\/#breadcrumb\"},\"inLanguage\":\"en-US\",\"potentialAction\":[{\"@type\":\"ReadAction\",\"target\":[\"https:\/\/www.consilium-services.fr\/index.php\/contact\/\"]}]},{\"@type\":\"ImageObject\",\"inLanguage\":\"en-US\",\"@id\":\"https:\/\/www.consilium-services.fr\/index.php\/contact\/#primaryimage\",\"url\":\"http:\/\/www.consilium-services.fr\/wp-content\/plugins\/wpforms-lite\/assets\/images\/submit-spin.svg\",\"contentUrl\":\"http:\/\/www.consilium-services.fr\/wp-content\/plugins\/wpforms-lite\/assets\/images\/submit-spin.svg\"},{\"@type\":\"BreadcrumbList\",\"@id\":\"https:\/\/www.consilium-services.fr\/index.php\/contact\/#breadcrumb\",\"itemListElement\":[{\"@type\":\"ListItem\",\"position\":1,\"name\":\"Home\",\"item\":\"https:\/\/www.consilium-services.fr\/\"},{\"@type\":\"ListItem\",\"position\":2,\"name\":\"Contact\"}]},{\"@type\":\"WebSite\",\"@id\":\"https:\/\/www.consilium-services.fr\/#website\",\"url\":\"https:\/\/www.consilium-services.fr\/\",\"name\":\"Consilium Services\",\"description\":\"\",\"publisher\":{\"@id\":\"https:\/\/www.consilium-services.fr\/#organization\"},\"potentialAction\":[{\"@type\":\"SearchAction\",\"target\":{\"@type\":\"EntryPoint\",\"urlTemplate\":\"https:\/\/www.consilium-services.fr\/?s={search_term_string}\"},\"query-input\":{\"@type\":\"PropertyValueSpecification\",\"valueRequired\":true,\"valueName\":\"search_term_string\"}}],\"inLanguage\":\"en-US\"},{\"@type\":\"Organization\",\"@id\":\"https:\/\/www.consilium-services.fr\/#organization\",\"name\":\"Consilium Services\",\"url\":\"https:\/\/www.consilium-services.fr\/\",\"logo\":{\"@type\":\"ImageObject\",\"inLanguage\":\"en-US\",\"@id\":\"https:\/\/www.consilium-services.fr\/#\/schema\/logo\/image\/\",\"url\":\"http:\/\/csncrps.cluster031.hosting.ovh.net\/wp-content\/uploads\/2026\/02\/black_with_no_back.png\",\"contentUrl\":\"http:\/\/csncrps.cluster031.hosting.ovh.net\/wp-content\/uploads\/2026\/02\/black_with_no_back.png\",\"width\":655,\"height\":283,\"caption\":\"Consilium Services\"},\"image\":{\"@id\":\"https:\/\/www.consilium-services.fr\/#\/schema\/logo\/image\/\"}}]}<\/script>\n<!-- \/ Yoast SEO plugin. -->","yoast_head_json":{"title":"Contact assistance ma\u00eetrise d\u2019\u0153uvre","description":"Contact assistance ma\u00eetrise d\u2019\u0153uvre - Contactez notre expert en assistance \u00e0 ma\u00eetrise d\u2019\u0153uvre pour concr\u00e9tiser et s\u00e9curiser votre projet.","robots":{"index":"index","follow":"follow","max-snippet":"max-snippet:-1","max-image-preview":"max-image-preview:large","max-video-preview":"max-video-preview:-1"},"canonical":"https:\/\/www.consilium-services.fr\/index.php\/contact\/","og_locale":"en_US","og_type":"article","og_title":"Contact assistance ma\u00eetrise d\u2019\u0153uvre","og_description":"Contact assistance ma\u00eetrise d\u2019\u0153uvre - Contactez notre expert en assistance \u00e0 ma\u00eetrise d\u2019\u0153uvre pour concr\u00e9tiser et s\u00e9curiser votre projet.","og_url":"https:\/\/www.consilium-services.fr\/index.php\/contact\/","og_site_name":"Consilium Services","article_modified_time":"2026-02-26T11:19:23+00:00","og_image":[{"width":655,"height":283,"url":"https:\/\/www.consilium-services.fr\/wp-content\/uploads\/2026\/02\/black_with_no_back.png","type":"image\/png"}],"twitter_card":"summary_large_image","twitter_misc":{"Est. reading time":"1 minute"},"schema":{"@context":"https:\/\/schema.org","@graph":[{"@type":"WebPage","@id":"https:\/\/www.consilium-services.fr\/index.php\/contact\/","url":"https:\/\/www.consilium-services.fr\/index.php\/contact\/","name":"Contact assistance ma\u00eetrise d\u2019\u0153uvre","isPartOf":{"@id":"https:\/\/www.consilium-services.fr\/#website"},"primaryImageOfPage":{"@id":"https:\/\/www.consilium-services.fr\/index.php\/contact\/#primaryimage"},"image":{"@id":"https:\/\/www.consilium-services.fr\/index.php\/contact\/#primaryimage"},"thumbnailUrl":"http:\/\/www.consilium-services.fr\/wp-content\/plugins\/wpforms-lite\/assets\/images\/submit-spin.svg","datePublished":"2026-02-24T09:49:39+00:00","dateModified":"2026-02-26T11:19:23+00:00","description":"Contact assistance ma\u00eetrise d\u2019\u0153uvre - Contactez notre expert en assistance \u00e0 ma\u00eetrise d\u2019\u0153uvre pour concr\u00e9tiser et s\u00e9curiser votre projet.","breadcrumb":{"@id":"https:\/\/www.consilium-services.fr\/index.php\/contact\/#breadcrumb"},"inLanguage":"en-US","potentialAction":[{"@type":"ReadAction","target":["https:\/\/www.consilium-services.fr\/index.php\/contact\/"]}]},{"@type":"ImageObject","inLanguage":"en-US","@id":"https:\/\/www.consilium-services.fr\/index.php\/contact\/#primaryimage","url":"http:\/\/www.consilium-services.fr\/wp-content\/plugins\/wpforms-lite\/assets\/images\/submit-spin.svg","contentUrl":"http:\/\/www.consilium-services.fr\/wp-content\/plugins\/wpforms-lite\/assets\/images\/submit-spin.svg"},{"@type":"BreadcrumbList","@id":"https:\/\/www.consilium-services.fr\/index.php\/contact\/#breadcrumb","itemListElement":[{"@type":"ListItem","position":1,"name":"Home","item":"https:\/\/www.consilium-services.fr\/"},{"@type":"ListItem","position":2,"name":"Contact"}]},{"@type":"WebSite","@id":"https:\/\/www.consilium-services.fr\/#website","url":"https:\/\/www.consilium-services.fr\/","name":"Consilium Services","description":"","publisher":{"@id":"https:\/\/www.consilium-services.fr\/#organization"},"potentialAction":[{"@type":"SearchAction","target":{"@type":"EntryPoint","urlTemplate":"https:\/\/www.consilium-services.fr\/?s={search_term_string}"},"query-input":{"@type":"PropertyValueSpecification","valueRequired":true,"valueName":"search_term_string"}}],"inLanguage":"en-US"},{"@type":"Organization","@id":"https:\/\/www.consilium-services.fr\/#organization","name":"Consilium Services","url":"https:\/\/www.consilium-services.fr\/","logo":{"@type":"ImageObject","inLanguage":"en-US","@id":"https:\/\/www.consilium-services.fr\/#\/schema\/logo\/image\/","url":"http:\/\/csncrps.cluster031.hosting.ovh.net\/wp-content\/uploads\/2026\/02\/black_with_no_back.png","contentUrl":"http:\/\/csncrps.cluster031.hosting.ovh.net\/wp-content\/uploads\/2026\/02\/black_with_no_back.png","width":655,"height":283,"caption":"Consilium Services"},"image":{"@id":"https:\/\/www.consilium-services.fr\/#\/schema\/logo\/image\/"}}]}},"_links":{"self":[{"href":"https:\/\/www.consilium-services.fr\/index.php\/wp-json\/wp\/v2\/pages\/419","targetHints":{"allow":["GET"]}}],"collection":[{"href":"https:\/\/www.consilium-services.fr\/index.php\/wp-json\/wp\/v2\/pages"}],"about":[{"href":"https:\/\/www.consilium-services.fr\/index.php\/wp-json\/wp\/v2\/types\/page"}],"author":[{"embeddable":true,"href":"https:\/\/www.consilium-services.fr\/index.php\/wp-json\/wp\/v2\/users\/1"}],"replies":[{"embeddable":true,"href":"https:\/\/www.consilium-services.fr\/index.php\/wp-json\/wp\/v2\/comments?post=419"}],"version-history":[{"count":112,"href":"https:\/\/www.consilium-services.fr\/index.php\/wp-json\/wp\/v2\/pages\/419\/revisions"}],"predecessor-version":[{"id":574,"href":"https:\/\/www.consilium-services.fr\/index.php\/wp-json\/wp\/v2\/pages\/419\/revisions\/574"}],"wp:attachment":[{"href":"https:\/\/www.consilium-services.fr\/index.php\/wp-json\/wp\/v2\/media?parent=419"}],"curies":[{"name":"wp","href":"https:\/\/api.w.org\/{rel}","templated":true}]}}